-0*y, 41 = 5*l - y. Let i be (2*30/l)/((-3)/9). Let h = i - -20. Calculate b(h).
-10
Suppose 3*j + 6 = 6*j. Suppose -j*r + 4*l = -5*r - 1, 1 = -l. Let q(i) = -2*i + 68*i**3 + i**2 - 14*i**3 + i - 45*i**3. Give q(r).
9
Suppose 3*d - 5*c = 22, 0 = -24*d + 19*d + 3*c + 26. Let z(y) = y**3 - 4*y**2 + 10. Calculate z(d).
10
Let i(m) = m**2 - 4*m - 6. Let r(d) = -15*d + 65. Suppose -16 = -20*a + 16*a. Let b be r(a). Determine i(b).
-1
Let j(f) be the second derivative of -f**3 - 25*f - 1/6*f**4 - 1/2*f**2 + 0. Give j(-4).
-9
Let k(y) be the second derivative of -y**6/360 + 7*y**5/120 - 11*y**3/3 + 62*y. Let w(i) be the second derivative of k(i). Give w(5).
10
Suppose -30*f + 44 = -28*f. Suppose -25 = -i - f. Suppose -8*r = -i*r + 15. Let g(q) = -q. Calculate g(r).
3
Suppose v - 4*v - 3 = 2*r, -v + 5*r = 18. Let a(o) be the third derivative of -o**5/60 - o**4/8 - 11970*o**2. What is a(v)?
0
Let o(v) = 2*v**2 + 29*v + 8. Let x(i) = 2*i**2 - 115*i - 191. Let h be x(59). Determine o(h).
-6
Let q(l) be the first derivative of 19*l**2/2 + l - 2. Let x be (-6)/(-3) + 8/(-4). Suppose c + 1 = -x. Determine q(c).
-18
Let d = -4490 + 4481. Let p(y) = -y**3 - 7*y**2 + 21*y + 13. Calculate p(d).
-14
Let u(d) be the second derivative of d**3/6 - d**2/2 + 1666*d. Let k = 4 + -11. What is u(k)?
-8
Let n(g) = -36*g + 2033 - 508 - 501 - 499 - 502. Give n(6).
-193
Let n(b) = 2*b**3 - 15*b**2 + 9*b - 13. Let t be n(7). Let j(v) = 3*v - 11. Determine j(t).
-8
Let f be (-4 + (-2)/(-2))/(3/(-1132)). Let b = -1130 + f. Let o(u) = 3*u - 4*u + 3*u. Calculate o(b).
4
Let u(z) = 49*z**2 + z + 1. Suppose 117*r - 16 = 93*r + 8. Calculate u(r).
51
Let n be (-4)/2*(-7 + (-152)/(-16)). Let c(j) be the first derivative of -2*j**2 - 11*j + 14. Calculate c(n).
9
Suppose 13 = 2*x - n, 0*x + 3*x = 3*n + 27. Let p(b) = 2*b - 4 + 3 - 6 - 6. Calculate p(x).
-5
Let h(g) be the third derivative of 0 + 1/60*g**5 + 1/6*g**3 + 3/8*g**4 + 0*g - 2*g**2. Suppose 2*d = -a - 7 - 7, -4*a - 40 = 4*d. Calculate h(a).
-17
Let d(q) = -70*q. Let a(g) = 4*g. Let i(s) = 50*a(s) + 3*d(s). Suppose 0 = -5*l + 4*z - 7*z + 25, -z + 1 = -2*l. Calculate i(l).
-20
Let r be ((-38)/190)/((1 - -3)/(-20)). Let u(c) = 8*c**2 - 3*c + 1. Calculate u(r).
6
Let i = -3621 + 3623. Let m(v) = 10*v**2 + v + 2. What is m(i)?
44
Let a = 3124 - 3121. Let t(o) = o**2 - 2*o + 6. Calculate t(a).
9
Let m(s) = s**3 + 2*s**2 - 1. Let q be m(-2). Let x(a) = -110 - 559*a + 550*a + 108. What is x(q)?
7
Let t(w) = 1505 + 2*w**2 - 1500 - 51*w + 6*w. Determine t(22).
-17
Suppose 0 = -314*u + 311*u - 24. Let w be 4 + -2 - 0/u. Let s(z) be the third derivative of -z**4/12 + z**3/3 - 2*z**2. Give s(w).
-2
Let z(a) be the third derivative of -7*a**6/120 + a**4/24 - 524*a**2. Let p = -76 + 75. Determine z(p).
6
Let y be (-2 - (-4 - (-7 - -4)))/(-1). Let i(w) = -3. Let v(j) = -1. Let c(b) = y*i(b) - 2*v(b). Let g(s) = -s - 9. Let q(k) = -2*c(k) - g(k). What is q(-9)?
2
Let q(n) = 2*n**3 - 3*n**2 - 5*n + 4. Suppose -22 = -61720*l + 61731*l. Determine q(l).
-14
Let g(r) = -24 + 0*r**2 + 6*r - 12*r + r**2 + 14*r. Determine g(-11).
9
Let c = 27049 + -27035. Let q(t) = -5*t**2 + 6*t**2 + 3 - 2*t - 12*t + 2. Give q(c).
5
Let q(d) be the first derivative of 3 - 503*d - 3*d**2 + 504*d - 2. Suppose 2*y + 4 = n, -y + 0*n - n - 8 = 0. Calculate q(y).
25
Suppose 7*u - 1 = -3*p + 2*u, -4*p + 16 = 3*u. Let r(j) = p - 3 - 2 + 3*j**2. What is r(2)?
14
Let a = -2 - -1. Let b be ((-6698)/(-12))/17 - a/6. Suppose -35*f + b*f = -8. Let r(p) = -p + 7. Determine r(f).
3
Let s(m) = m**2 - 3*m**2 - 36*m + 154 + 6*m**2 - 138 + m**2. Give s(7).
9
Suppose 146 = -5*d + 156. Let z(a) = -15 + 6*a - 1 - 5 - a**d + 10*a. Determine z(15).
-6
Suppose -16*n = -19*n + 12. Let q(t) = -7*t + 8*t + n*t**3 - 3*t**3 + 10*t**2 + 9*t + 8. What is q(-9)?
-1
Let s(y) = y**2 - 48 - 42 + 0*y - 9*y + 103. Calculate s(7).
-1
Let w(o) = -10*o - 1. Let p = -45 + 42. Let j be (6/p)/((-6)/(-75)). Let m be 30/j*(-30)/(-9) - -6. Give w(m).
-21
Let b(m) be the first derivative of -11*m**5/120 - m**4/8 + m**3 - 15*m**2 + 13. Let o(n) be the third derivative of b(n). What is o(2)?
-25
Let n be (-248 + -98)*2*-1. Let d = 686 - n. Let z(b) = 4*b - 7. What is z(d)?
-31
Let o(h) = 62*h + 9. Let f(n) = 54*n + 5. Let g(y) = 4*f(y) - 3*o(y). Give g(-2).
-67
Let a(r) = -r**3 - 14*r**2 - 13*r - 4. Let j(k) = 0*k**3 + 2*k**2 + 5*k + 3283 - 3278 + 2*k**3. Let m be j(-2). Give a(m).
-4
Let b(t) be the third derivative of -t**5/30 + t**4/3 + 19*t**3/6 - 921*t**2 + 5. Determine b(5).
9
Let w be ((-2)/2 - -3)*2. Let t(z) = -35. Let x(v) = v - 170. Let l(i) = -11*t(i) + 2*x(i). Let k(j) = j + 21. Let q(o) = -13*k(o) + 6*l(o). What is q(w)?
-7
Let u(g) = g**2 + 9*g - 138. Let j be u(-17). Let n(x) = 13*x**2 + 4*x + 1. What is n(j)?
45
Let p(k) = 2*k**2 + 2*k - 2. Let t(a) = -3*a + a - 26 + 8. Let u be t(-8). Determine p(u).
2
Let p(a) be the first derivative of -7*a**3/3 + 4*a**2 + 4*a + 61. Let x(d) = 6*d**2 - 8*d - 3. Let g(q) = -5*p(q) - 6*x(q). Give g(6).
10
Let a(i) = 15*i + 1. Let k be a(3). Let y = 49 - k. Suppose -2*r = -y*m + 19, -4*m + 3*m + 9 = -2*r. Let p(n) = n**3 + 2*n**2 - 2. What is p(r)?
-2
Let p be 0 + 17 + ((-621)/23 - -20). Let w(h) = -h**2 + 8*h + 8. Give w(p).
-12
Let j(t) = 3*t + 14. Let p(k) = 6*k + 19. Let m(r) = -13*j(r) + 6*p(r). Give m(-19).
-11
Suppose -10*f - 532 = -38*f. Suppose -4*h + 12 = 4*z, -4*z + f = 5*h - 0*z. Let k(g) = 2*g - 4. What is k(h)?
10
Let p(j) = -j**3 + 16*j**2 + 35*j + 12. Suppose 3*a - 3*w - 36 = 0, -42 = -2*a + 282*w - 283*w. Determine p(a).
-6
Let p(c) = c + 1. Let w(g) = -g**2 + 7*g - 4. Let k(v) = 3*v**2 - 22*v + 11. Let r(b) = 2*k(b) + 7*w(b). Let q = -11 - -14. Let m be r(q). Give p(m).
1
Let y(b) = b**3 + 16*b**2 - 3*b + 9. Let h(d) = -d**2 + 56*d - 476. Let r be h(46). Determine y(r).
57
Let i(s) = -3*s - 9. Suppose 28030*c - 28037*c - 147 = 0. Give i(c).
54
Let s(j) = 12*j**3 - 2*j**2 + 1. Let c(d) = -24 - 5 - 8*d + d. Suppose 5*q = -17 - 3. Let m be c(q). Give s(m).
-13
Let w(h) = 5*h**2 - 4*h + 2. Let n(j) be the third derivative of -j**5/20 + 5*j**4/24 - j**3/6 - j**2 + 2. Let q(x) = 3*n(x) + 2*w(x). Calculate q(-3).
-11
Suppose -746 = -27*y + 9 - 242. Let j(l) = 2*l**2 - 45*l + 151. Calculate j(y).
18
Let o = -433 - -435. Let f be (o - -1)*(-12)/(-9). Let z(m) = m**2 - 4*m + 3. Determine z(f).
3
Let t = 96600 - 96596. Let u(i) = 4 + 9 - 5 - 2*i. Give u(t).
0
Let i(u) = -6*u + 217. Let h be 1638/756 + 215/6. What is i(h)?
-11
Let w(v) = 6*v + 4. Let s be 7 - 2 - (2 + -1 + 2). Suppose -5*y = -l - 14, y + 2 = -s*l + 7. What is w(y)?
22
Let t(m) be the first derivative of m**4/4 - 13*m**3/3 - 29*m**2/2 - 8*m - 483. Determine t(15).
7
Suppose 461*h = 478*h + 102. Let c(d) = d**2 + 8*d + 23. Give c(h).
11
Let t(w) = -w**3 - 22*w**2 - 96*w + 8. Let o be t(-16). Let r(a) be the second derivative of -a**4/12 + 5*a**3/3 - 5*a**2 - a. What is r(o)?
6
Let t(y) = -7 + 3*y**2 - 119001*y + 118980*y + 28. Calculate t(6).
3
Let k(m) be the first derivative of 0*m**2 + 2*m - 1/12*m**4 - 20 - 5/6*m**3. Let b(i) be the first derivative of k(i). Give b(-5).
0
Let z(n) = 242493*n - 29 + 554 - 242565*n - 91. Give z(6).
2
Let h(z) = z - 6. Suppose 2*x - 3*r = 14, 3*x - x + 2*r = 14. Suppose 4*a - y = -19, 12*a - 16*a - 3*y - x = 0. Determine h(a).
-10
Let s(m) be the second derivative of m**4/12 - 4*m**3/3 + 3*m**2 + 3*m. Let k be (1/5)/((-102)/(-255))*(11 - -5). Give s(k).
6
Let w(l) = -l**2 + 7*l + 1. Let j(k) = 7*k - 25. Let v(s) = 3*s - 11. Let r(c) = 4*j(c) - 9*v(c). Let t(g) = 2*r(g) - w(g). Calculate t(3).
-9
Let f(n) = 57*n + 235. Let x be f(-4). Let a(y) be the second derivative of -3/2*y**2 + 0 + x*y + 1/12*y**4 + 2/3*y**3. Calculate a(2).
9
Suppose p + 3 = -2, 2*p + 28 = -3*i. Let z(t) = -5*t - 1. Let y(h) = h + 1. Let b(l) = -6*y(l) - z(l). Let u be b(i). Let r(a) = -4*a - 1. What is r(u)?
-5
Let u(b) = 2358*b - 8 - 1178*b - 9 - 1175*b. Calculate u(3).
-2
Let k(l) be the second derivative of -l**3/6 + 3*l**2/2 - 29638*l. Suppose 0 = -4*g - g + 20, -2*y - g + 8 = 0. Determine k(y).
1
Let x(m) = 5*m - 36. Let i = 11220 + -11211. Give x(i).
9
Let d(x) = 24 - 1101*x**3 + 2206*x**3 - 1106*x**3 - 10*x**2 + 12*x. What is d(-11)?
13
Let g be ((-1026)/(-63))/(-57) - (-86)/7